8 + 0?
10
Evaluate 1 + -1 + (-39 - -35).
-4
Evaluate 10 - (13 - 12 - (5 - -8)).
22
Evaluate -8 - (-67 + 73 - (20 - 1)).
5
What is the value of (-1 - 8) + (-55 - -70) - (0 - 3)?
9
What is the value of -27 - 8 - -35 - -6?
6
21 + -3 + -5 - (13 - 9)
9
What is the value of -2 - 27 - (19 + (-48 - -22)) - 5?
-27
What is -1 + (1 - -13 - (3 + -5 + 5))?
10
What is (7 - 0) + (-165 - -144)?
-14
Evaluate (72 - 18) + -21 - 63.
-30
Evaluate 20 + -9 + -25 - -4.
-10
What is the value of 24 + -10 + (-15 - -11)?
10
What is the value of (-9 - ((-9 - -4) + 4)) + 1 + -4?
-11
What is 6 - (-12 - (27 + -21))?
24
What is 14 - (-6 + -14) - (0 + 6 + 0)?
28
What is the value of (-4 + 9 - -19) + -17?
7
(31 - 16 - (1 + 8)) + -1 + -39
-34
Calculate 8 + -11 + 4 + 1 + 2 + 8.
12
What is -12 - (-4 + (8 - 14) + 8)?
-10
What is (1 - (-5 + 6 + 3 + -7)) + 15?
19
What is 1 + 0 - (-550 + 565)?
-14
Calculate 13 - 3 - (233 - 195).
-28
Evaluate 1 + -23 + -180 + 194 - (-1 + -21).
14
10 + (-2 - -1 - (-14 - -2 - -14))
7
Evaluate 27 + -12 + 23 + -30.
8
What is the value of (13 - -2) + 0 + (27 - 25)?
17
(-48 - -58) + (-5 - 0) + 4
9
What is the value of -12 + (4 + -4 - (1 - 2))?
-11
What is 2 + -10 - (-34 + 27)?
-1
What is the value of 10 + 35 + -20 + -28?
-3
Calculate -16 + (2 - 3 - (-3 + (1 - 5))).
-10
What is the value of -8 + (0 - 1) + (954 - 934)?
11
(-5 - (-1 + 18)) + 5
-17
(-78 - -40 - -34) + 10
6
(0 - -12) + 704 + -705
11
Evaluate -10 - 3 - (42 - 17 - 17).
-21
Evaluate (-5 - 4 - -3) + 7 + 6.
7
Calculate -12 + (20 - -10) + -14 + -7.
-3
Evaluate (-15 - -9) + (-23 - -19).
-10
Evaluate 11 - 2 - (97 + -103).
15
-2 - ((-2 - -5 - 4) + 0 - -11)
-12
What is the value of -16 + (-16 + 7 - -5) - -4?
-16
Evaluate -1 + -5 + -3 - (28 - 9 - 14).
-14
Calculate -6 - -6 - 6 - (3 + (-3 - -5)).
-11
4 - ((-9 - 4) + 5)
12
What is the value of (34 - 43) + (-10 - 5)?
-24
Evaluate 3 - -18 - (13 + -3).
11
Evaluate 5 + (-8 + 1 - (374 - 379)).
3
What is the value of 13 + -57 + (2 - 0) + 9?
-33
7 - ((1 - 5) + (-428 - -445))
-6
What is -2 - (0 - 0) - (768 + -754)?
-16
Evaluate 1 + (-5 - -6) - -2 - 7.
-3
What is the value of 0 - (5 - (3 + (8 - 3) - 2))?
1
What is the value of -20 + 14 - -3 - (-1 + -2 + -2)?
2
What is the value of 37 - (-1 - (-9 + -1 + (-6 - -10)))?
32
-7 + 1 + 0 + 0 - (-337 - -306)
25
-3 + 19 + (-2 - 5) - 8
1
(-29 - (-43 + 20)) + 21
15
Evaluate -5 + (-10 - (-14 + 15)).
-16
-7 - ((-8 - 2 - -1) + -159 + 167)
-6
Calculate (3 - -3) + 2 - (2 - -15).
-9
Calculate -22 + -4 + -2 + 6 + 9.
-13
23 + -8 + -20 + (-2 - 0 - -2)
-5
What is the value of (12 - (-17 + (-2 - -14))) + -6?
11
What is the value of 0 + -11 + -1 + (-12 - -36) + -20?
-8
Calculate -738 + 741 + (2 - 0).
5
Evaluate (3 + -9 - (0 + -11)) + (9 - 4).
10
-10 + 1 - (-7 - (-27 + 8))
-21
What is the value of -2 + 23 + 18 + (-12 + -3 - -7)?
31
-13 - (47 + -47 - (0 - 1 - -1))
-13
(-314 - -288) + 0 + 31
5
What is the value of 8 - (-15 + 9 + 0 - -14)?
0
-32 - ((2 - -3 - 10) + -5)
-22
Calculate (1 - 2) + 37 + 24 + -66.
-6
What is the value of (3 - 3 - (5 + 4)) + 17?
8
What is the value of 10 + (-13 - (-24 + -2 + 13))?
10
Calculate 0 + -4 + -11 + 4 + 14.
3
Calculate (13 + -3 + 0 - -34) + -3 + -7.
34
2 - 6 - (-11 - (-2 + 7))
12
What is (-12 - -3) + 5 + -1?
-5
Calculate 832 - 823 - (1 + 0 + 2).
6
Evaluate -3 + -15 + (-8 - -18).
-8
Calculate 9 - (13 + 0 + 3 + -5).
-2
Evaluate -27 + (-11 - -38 - 12).
-12
0 + (10 - 51 - (-27 - -16))
-30
Calculate -7 + 15 + 0 + (-5 - (-10 - -3)).
10
What is the value of 12 - (3 - -15 - 6)?
0
What is the value of 3 - ((83 - 43) + -39 + -1 + 2)?
1
What is (3017 - 3036) + (4 - -1)?
-14
What is 4 + (-18 - (-13 + 21))?
-22
16 + -22 + -22 + 17
-11
What is (-22 + -14 - -24) + 18?
6
5 - (28 + -21 - 4)
2
What is the value of 12 + (157 - 147) + -22 + 1?
1
Evaluate (0 - -3) + (11 - ((2 - 9) + 8)).
13
Calculate (0 - 13) + (-11 - -46) + 5.
27
Calculate -88 + 10 + 89 + (-2 - (1 + 28)).
-20
What is the value of -210 + 218 + (-1 - 12)?
-5
Calculate 8 + -3 + 10 + -12 + 13.
16
-7 + (-14 - -12) + -19
-28
-7 + 17 + (-17 - -7 - -9)
9
Calculate (-13 + (18 - 1) - (-4 + 1)) + 20.
27
Calculate (0 + -3 - -7) + 2 + (2 - -4).
12
-6 - ((-3 - 1) + 7 - 11)
2
Evaluate (2 - 7) + -19 + 26 + -5.
-3
Calculate -6 - 1 - (-30 + 26 - (-2 - 4)).
-9
What is the value of 5 + -1 - (4 - 13)?
13
Evaluate -53 + (0 - 0) - (53 - 70).
-36
Evaluate 3 - ((3 - 1) + 8 + -8) - -8.
9
Calculate -5 + (-12 - -22) + 3 + -4 + 0.
4
What is 1 - -8 - 0 - (23 + 9 - 25)?
2
Evaluate -4 + 14 + -5 - (-7 - -8).
4
What is the value of 1 - (7 + -4 + -1) - -2 - -2?
3
Calculate (790 - 750) + (-3 - 3).
34
-37 + 31 + (5 - (0 - 3))
2
Evaluate 9 + 5 - -6 - 14.
6
Calculate (4 - -2) + -8 + -2.
-4
Evaluate -3 + 7 + (-6 + (-2 - -6) - 0).
2
Evaluate 0 - (-3 + -10) - (5 - -1).
7
Calculate (1 - 1) + (-26 - (18 - 36)).
-8
What is 1 + -1 + (-2 - -7) + -1 - 15?
-11
-1 - (2 + 6) - (64 - 80)
7
Evaluate -3 + 13 + (-1 - -3).
12
(150 - 164) + (-1 - -2)
-13
16 + 1 + -142 + 132
7
Evaluate 109 + -64 + -3 + 4 + -14.
32
Calculate -1 + -20 - ((-7 - 8) + 12).
-18
-20 + (0 - 3) - (-16 + 3)
-10
Evaluate 19 - (-38 + 3 - -86).
-32
What is -38 - -49 - (7 - 1)?
5
-8 - (-27 + (0 - (-4 + -6 - -7)))
16
What is 19 - 19 - ((0 - -20) + 1)?
-21
Evaluate 9 + 1 + -2 + 8 + -5.
11
11 + -37 + (-97 - -103)
-20
Calculate 6 + -12 + 5 + 9 - 2.
6
73 + 28 + -33 - 36
32
Evaluate -12 + 14 + 9 + (-1 - (4 + -11)).
17
Evaluate (-13 - (-8 + 3 - -11)) + 9.
-10
What is (-6 - -21 - 8) + -20 + 5?
-8
-12 + (7 - (0 + -4 - (-37 + 26)))
-12
Calculate -33 - (-21 - -21 - (14 + 1)).
-18
What is -12 - (-11 + -4) - 9?
-6
Calculate -1 - (53 + -45 + -17 + -1).
9
-1 + 8 + (17 - (-2 + -11 + 24))
13
24 + (-10 + (7 - -12) - 5)
28
Evaluate 6 - (8 - (-4 + 7 + 6)).
7
20 + -1 + (1 + -8 - -15) + 7
34
What is the value of 6 - (0 + 18) - (8 - 11)?
-9
Evaluate (-1 + 14 - 15) + 15.
13
-24 + -10 + (20 - -13)
-1
Calculate -3 + (1 + (-5 - (6 - 7)) - 2).
-8
What is the value of 15 + -10 + 13 + -15?
3
Evaluate -8 + (-38 - -29) + 13 + -1.
-5
3 - 20 - (42 + -15 + -38)
-6
Evaluate 5 + (-16 - -8) + (-4 - -6) + 8.
7
Calculate -7 + -8 + 6 + 5 + 4 - 2.
-2
Evaluate -8 - (-9 + (-7 - -42)).
-34
(12 - 41) + 35 + -17
-11
Calculate 8 - -20 - 15 - (2 + 5) - -33.
39
(-14 - (-8 - 9)) + 1 + 1 + -17
-12
Evaluate -4 - 2 - (-64 + 71).
-13
Evaluate 0 + -10 + (1 - (20 + -16)).
-13
Calculate -10 + 7 + -1 + -12.
-16
What is (9 - -11) + -32 + 16 - (-10 - 1)?
15
Evaluate (5 + -12 + 9 - 15) + 13.
0
Evaluate -7 + 2 + -5 - (-4 - 2).
-4
What is the value of 4 + 14 + -36 + (4 - (-1 - -1))?
-14
What is -25 + 5 + 6 + -9 + 16 + -20?
-27
Calculate 8 - (3 + 12 - 16).
9
What is 14 - ((7 - -5) + -7)?
9
(-43 - (-3 - 27)) + -5
-18
-2 + 1 + 0 - ((-17 - -7) + 12)
-3
Evaluate (-10 + (10 - 6) - -1 - 7) + 37.
25
Calculate -9 + -4 - (4 + -14) - -6.
3
What is -1 + 0 + -8 + -3 + (26 - 31)?
-17
What is the value of 9 + 2 + 0 - (11 - -28 - 42)?
14
What is the value of -26 + 0 + 28 + 13?
15
What is (3 - (7 + (-4 - -4))) + 14?
10
Evaluate 80 - 65 - (3 + 8).
4
Evaluate 6 - (15 - 27 - -41).
-23
-2 + (0 - (0 + 15 - 8))
-9
What is the value of -27 - (15 - 2 - 23)?
-17
14 - 1 - (198 - 172) - -19
6
What is 21 + -3 + -22 - (-3 + 5)?
-6
8 - (-3 - -2 - -2 - -5) - 1
1
What is 0 + -29 + (49 - 19)?
1
(-1 - (4 - 14)) + -33 + (5 - -6)
-13
-28 + (8 - (-36 - -3))
13
-46 - (165 + -188 + (2 - -4))
-29
Evaluate -20 - -35 - 19 - 18.
-22
What is 214 - 217 - (-20 + -1)?
18
Calculate (-5 - (-72 + 40)) + -54.
-27
What is the value of 6 - ((-7 + -3 - -4) + 22) - 2?
-12
15 + (-3 - (-3 - (-10 - -7)))
12
What is the value of 18 - ((32 - -28) + -30)?
-12
What is 5 - (4 - 10) - (-2 - -2)?
11
Calculate 1 + -7 + (11 - (12 - 6)) - 5.
-6
26 + (-6 - -10) + -5
25
Evaluate -6 - ((3 + 3 - 6) + 7 - 4).
-9
Evaluate 12 - -1 - (71 + (7 - 47)).
-18
Calculate 1 + -1 + -37 + 20 + 10 - 6.
-13
Calculate 12 + (-2 - -4) + (21 - (-15 + 37)).
13
What is 119 + -103 - (-14 - -2)?
28
Evaluate -5 - (0 + 18) - -6 - (0 + -4).
-13
Evaluate 8 - ((143 - 148) + (21 - 0)).
-8
Evaluate (-22 - -11) + -2 + 8 - (-1 - -9).
-13
What is the value of -2 - 11 - ((8 - -2) + -42)?
19
0 - -1 - (-19 - (-3 + -4))
13
Calculate 5 + (5 - 20) - 15 - -4.
-21
Evaluate (26 - -2) + (-3 - 8) + -4.
13
What is -18 - (-10 + 9 + (-5 - 0) + -1)?
-11
(-7 + 6 - (7 - 22)) + -2
12
(-5 - 1 - (-16 + 14)) + -5
-9
What is the value o